{"id":29073,"date":"2024-04-01T15:11:13","date_gmt":"2024-04-01T15:11:13","guid":{"rendered":"https:\/\/wearsongs.com\/?post_type=product&#038;p=29073"},"modified":"2025-08-06T13:05:39","modified_gmt":"2025-08-06T13:05:39","slug":"camiseta-personalizada","status":"publish","type":"product","link":"https:\/\/wearsongs.com\/?product=camiseta-personalizada","title":{"rendered":"CAMISETA PERSONALIZADA"},"content":{"rendered":"","protected":false},"excerpt":{"rendered":"<p>CAMISETA PERSONALIZADA.<\/p>\n<p>ENVIA UN MENSAJE POR NUESTRAS REDES O A INFO@WEARSONGS.COM Y TE HACEMOS EL DISE\u00d1O PERSONALIZADO SIN M\u00cdNIMO DE UNIDADES.<\/p>\n<p>INDICAR EN OBSERVACIONES EL COLOR, MODELO Y TALLA DE LA CAMISETA.<\/p>\n<p>EL PRECIO INCLUYE 6\u20ac POR EL DISE\u00d1O PERSONALIZADO, A PARTIR DE 3 UNIDADES, INCLUYENDO CUALQUIER OTRO MODELO DE LA WEB, EL PRECIO DEL DISE\u00d1O NO SE COBRAR\u00cdA.<\/p>\n<p>ESTAS CAMISETAS NO TIENEN CAMBIO O DEVOLUCI\u00d3N, REVISA BIEN LAS MEDIDAS DE CADA TALLA.<\/p>\n<hr \/>\n<p>CAMISETA MANGA CORTA, 100% ALGOD\u00d3N, IMPRESA EN PECHO Y ESPALDA.<\/p>\n","protected":false},"featured_media":29084,"comment_status":"closed","ping_status":"closed","template":"","meta":{"_et_pb_use_builder":"","_et_pb_old_content":"","_et_gb_content_width":""},"product_brand":[],"product_cat":[31,30,28,29],"product_tag":[],"class_list":{"0":"post-29073","1":"product","2":"type-product","3":"status-publish","4":"has-post-thumbnail","6":"product_cat-cineyjuegos","7":"product_cat-pop-y-resto-estilos","8":"product_cat-rock","9":"product_cat-rock-e-indie-con-n","10":"pa_modelo-chica","11":"pa_modelo-chico","12":"pa_modelo-ninos","13":"pa_talla-3-4","14":"pa_talla-5-6","15":"pa_talla-7-8","16":"pa_talla-9-11","17":"pa_talla-l","18":"pa_talla-m","19":"pa_talla-s","20":"pa_talla-xl","21":"pa_talla-xxl","23":"first","24":"instock","25":"purchasable","26":"product-type-simple"},"_links":{"self":[{"href":"https:\/\/wearsongs.com\/index.php?rest_route=\/wp\/v2\/product\/29073","targetHints":{"allow":["GET"]}}],"collection":[{"href":"https:\/\/wearsongs.com\/index.php?rest_route=\/wp\/v2\/product"}],"about":[{"href":"https:\/\/wearsongs.com\/index.php?rest_route=\/wp\/v2\/types\/product"}],"replies":[{"embeddable":true,"href":"https:\/\/wearsongs.com\/index.php?rest_route=%2Fwp%2Fv2%2Fcomments&post=29073"}],"wp:featuredmedia":[{"embeddable":true,"href":"https:\/\/wearsongs.com\/index.php?rest_route=\/wp\/v2\/media\/29084"}],"wp:attachment":[{"href":"https:\/\/wearsongs.com\/index.php?rest_route=%2Fwp%2Fv2%2Fmedia&parent=29073"}],"wp:term":[{"taxonomy":"product_brand","embeddable":true,"href":"https:\/\/wearsongs.com\/index.php?rest_route=%2Fwp%2Fv2%2Fproduct_brand&post=29073"},{"taxonomy":"product_cat","embeddable":true,"href":"https:\/\/wearsongs.com\/index.php?rest_route=%2Fwp%2Fv2%2Fproduct_cat&post=29073"},{"taxonomy":"product_tag","embeddable":true,"href":"https:\/\/wearsongs.com\/index.php?rest_route=%2Fwp%2Fv2%2Fproduct_tag&post=29073"}],"curies":[{"name":"wp","href":"https:\/\/api.w.org\/{rel}","templated":true}]}}